ide 1688?
True
Does 6 divide 785?
False
Does 30 divide 4410?
True
Does 21 divide 538?
False
Does 18 divide 1246?
False
Is 7 a factor of 2849?
True
Does 8 divide 119?
False
Is 1020 a multiple of 14?
False
Is 351 a multiple of 6?
False
Is 245 a factor of 59045?
True
Does 131 divide 12576?
True
Does 37 divide 5772?
True
Is 31 a factor of 4185?
True
Does 21 divide 1146?
False
Is 14 a factor of 336?
True
Is 21 a factor of 1408?
False
Does 271 divide 69105?
True
Does 32 divide 32?
True
Is 49 a factor of 87171?
True
Does 24 divide 352?
False
Does 20 divide 4168?
False
Is 177 a multiple of 24?
False
Is 12 a factor of 1041?
False
Does 6 divide 640?
False
Is 16 a factor of 2464?
True
Is 127 a factor of 18923?
True
Does 25 divide 13175?
True
Is 5 a factor of 425?
True
Is 34 a factor of 23970?
True
Does 15 divide 268?
False
Is 11337 a multiple of 23?
False
Is 4 a factor of 200?
True
Is 18 a factor of 155?
False
Is 36 a factor of 27524?
False
Is 7 a factor of 10?
False
Does 3 divide 11181?
True
Does 7 divide 2772?
True
Is 25270 a multiple of 19?
True
Does 71 divide 5259?
False
Does 46 divide 14260?
True
Is 6 a factor of 359?
False
Is 120 a factor of 2648?
False
Is 15541 a multiple of 44?
False
Does 155 divide 930?
True
Is 2698 a multiple of 19?
True
Is 9 a factor of 491?
False
Does 11 divide 374?
True
Is 43 a factor of 3222?
False
Is 14 a factor of 5609?
False
Is 37 a factor of 182?
False
Does 8 divide 704?
True
Is 9 a factor of 144?
True
Is 4 a factor of 4701?
False
Is 109716 a multiple of 309?
False
Does 77 divide 847?
True
Does 16 divide 68874?
False
Is 2371 a multiple of 57?
False
Is 135 a multiple of 15?
True
Does 126 divide 57893?
False
Is 6347 a multiple of 11?
True
Does 65 divide 13260?
True
Is 15808 a multiple of 13?
True
Is 21902 a multiple of 16?
False
Does 2 divide 1396?
True
Is 12735 a multiple of 20?
False
Does 6 divide 3985?
False
Is 21648 a multiple of 170?
False
Is 12 a factor of 2063?
False
Does 63 divide 819?
True
Does 13 divide 4259?
False
Is 9 a factor of 1986?
False
Is 39556 a multiple of 62?
True
Is 4445 a multiple of 127?
True
Is 11 a factor of 1881?
True
Does 11 divide 154?
True
Does 7 divide 90?
False
Does 17 divide 799?
True
Is 396 a multiple of 18?
True
Does 88 divide 1655?
False
Is 11004 a multiple of 6?
True
Does 41 divide 902?
True
Is 25 a factor of 4425?
True
Is 16 a factor of 608?
True
Does 13 divide 6414?
False
Is 58 a factor of 104?
False
Is 11 a factor of 946?
True
Is 3486 a multiple of 14?
True
Does 44 divide 3476?
True
Does 123 divide 27222?
False
Is 12 a factor of 1567?
False
Is 234 a multiple of 13?
True
Is 10435 a multiple of 122?
False
Does 8 divide 18052?
False
Is 1140 a multiple of 19?
True
Is 1619 a multiple of 82?
False
Does 20 divide 3458?
False
Does 28 divide 8898?
False
Does 23 divide 15735?
False
Is 29 a factor of 2059?
True
Is 32 a factor of 1028?
False
Does 16 divide 605?
False
Is 18 a factor of 3582?
True
Is 23 a factor of 184?
True
Is 53 a multiple of 13?
False
Is 34 a factor of 7310?
True
Is 62 a factor of 2231?
False
Does 5 divide 51?
False
Is 11070 a multiple of 30?
True
Is 2151 a multiple of 18?
False
Is 15429 a multiple of 139?
True
Does 3 divide 1482?
True
Is 409 a multiple of 16?
False
Is 78 a multiple of 13?
True
Is 47 a factor of 3452?
False
Is 14 a factor of 2240?
True
Does 4 divide 3675?
False
Does 8 divide 917?
False
Is 104 a factor of 5200?
True
Does 6 divide 8534?
False
Is 2 a factor of 445?
False
Is 2125 a multiple of 26?
False
Does 8 divide 1712?
True
Is 68430 a multiple of 12?
False
Does 9 divide 9711?
True
Is 1360 a multiple of 34?
True
Is 1209 a multiple of 13?
True
Is 39 a factor of 942?
False
Is 22 a factor of 40284?
False
Does 25 divide 390?
False
Does 23 divide 143612?
True
Is 124 a factor of 868?
True
Is 67135 a multiple of 13?
False
Is 441 a multiple of 7?
True
Is 157 a factor of 11358?
False
Is 24167 a multiple of 143?
True
Is 12777 a multiple of 3?
True
Does 10 divide 13653?
False
Is 5787 a multiple of 6?
False
Is 10 a factor of 12739?
False
Is 66 a multiple of 2?
True
Is 580 a multiple of 58?
True
Is 37093 a multiple of 48?
False
Is 12 a factor of 5532?
True
Is 8 a factor of 8336?
True
Does 63 divide 2331?
True
Is 23 a factor of 31950?
False
Is 3030 a multiple of 104?
False
Is 66 a factor of 353?
False
Is 93 a factor of 36836?
False
Is 446 a multiple of 223?
True
Is 16 a multiple of 8?
True
Is 1834 a multiple of 7?
True
Does 17 divide 68459?
True
Is 19 a factor of 526?
False
Is 27903 a multiple of 82?
False
Is 3421 a multiple of 3?
False
Is 42 a factor of 1386?
True
Is 5 a factor of 1490?
True
Is 138 a multiple of 2?
True
Is 11 a factor of 2458?
False
Is 28399 a multiple of 237?
False
Is 23 a factor of 123192?
False
Does 31 divide 1054?
True
Is 99 a factor of 3366?
True
Is 11 a factor of 594?
True
Is 2 a factor of 3372?
True
Is 12 a factor of 2241?
False
Is 6 a factor of 1896?
True
Is 62 a factor of 7199?
False
Is 344 a multiple of 13?
False
Does 24 divide 888?
True
Is 50315 a multiple of 15?
False
Is 18 a factor of 4860?
True
Does 9 divide 20785?
False
Is 8814 a multiple of 113?
True
Is 7 a factor of 219?
False
Is 3 a factor of 59?
False
Does 9 divide 675?
True
Is 3 a factor of 2757?
True
Is 12 a factor of 266?
False
Does 27 divide 282?
False
Does 2 divide 42?
True
Is 86 a factor of 3010?
True
Does 16 divide 542?
False
Is 14 a factor of 1672?
False
Does 4 divide 724?
True
Does 20 divide 1060?
True
Is 4087 a multiple of 67?
True
Does 8 divide 5144?
True
Is 1220 a multiple of 20?
True
Is 9 a factor of 7313?
False
Is 343 a multiple of 7?
True
Does 3 divide 112?
False
Is 527 a multiple of 22?
False
Is 25 a factor of 4350?
True
Is 1129 a multiple of 6?
False
Is 106 a factor of 36081?
False
Is 31 a factor of 92442?
True
Is 2853 a multiple of 9?
True
Is 93 a factor of 23064?
True
Is 1054 a multiple of 35?
False
Is 6 a factor of 310?
False
Is 54906 a multiple of 13?
False
Does 94 divide 2350?
True
Does 7 divide 826?
True
Is 7 a factor of 805?
True
Does 120 divide 52920?
True
Does 38 divide 13224?
True
Is 104 a multiple of 26?
True
Is 91 a factor of 910?
True
Does 6 divide 2987?
False
Is 4023 a multiple of 3?
True
Does 11 divide 92506?
False
Does 61 divide 22790?
False
Is 48 a factor of 5316?
False
Is 33 a factor of 17028?
True
Does 28 divide 8988?
True
Does 3 divide 442?
False
Is 105 a multiple of 2?
False
Does 10 divide 2910?
True
Is 1297 a multiple of 41?
False
Is 12 a factor of 22182?
False
Is 3597 a multiple of 11?
True
Does 13 divide 78?
True
Is 18913 a multiple of 34?
False
Does 28 divide 650?
False
Is 117 a factor of 2106?
True
Does 3 divide 33?
True
Is 5 a factor of 227?
False
Does 10 divide 700?
True
Does 21 divide 858?
False
Is 36 a factor of 25596?
True
Is 24 a factor of 432?
True
Is 5648 a multiple of 23?
False
Is 2 a factor of 613?
False
Does 7 divide 16359?
True
Is 21 a factor of 54075?
True
Is 28 a factor of 28924?
True
Does 13 divide 18719?
False
Does 2 divide 208?
True
Is 235 a factor of 10575?
True
Is 4 a factor of 128?
True
Does 60 divide 1318?
False
Does 12 divide 434?
False
Is 1904 a multiple of 34?
True
Does 2 divide 4180?
True
Is 12 a factor of 50136?
True
Is 6 a factor of 199?
False
Is 333 a multiple of 37?
True
Is 23766 a multiple of 51?
True
Is 9 a factor of 24483?
False
Does 2 divide 493?
False
Is 7644 a multiple of 21?
True
Is 17135 a multiple of 23?
True
Is 4 a factor of 2357?
False
Is 11 a factor of 1529?
True
Is 40 a factor of 912?
False
Is 81830 a multiple of 98?
True
Is 14 a factor of 11760?
True
Is 28 a factor of 7140?
True
Is 12880 a multiple of 16?
True
Is 22950 a multiple of 168?
False
Is 4648 a multiple of 8?
True
Is 5 a factor of 368?
False
Does 7 divide 4697?
True
Is 14 a factor of 1538?
False
Is 16 a factor of 5136?
True
Does 29 divide 28431?
False
Does 87 divide 77691?
True
Is 17 a factor of 26697?
False
Does 3 divide 60?
True
Does 6 divide 2571?
False
Does 236 divide 78719?
False
Is 1892 a multiple of 44?
True
Does 48 divide 149?
False
Does 6 divide 21909?
False
Is 11 a factor of 277?
False
Is 57 a factor of 13566?
True
Is 20 a factor of 260?
True
Is 148428 a multiple of 17?
False
Is 30 a factor of 48750?
True
Is 495 a multiple of 25?
False
Is 9711 a multiple of 23?
False
Is 9 a factor of 529?
False
Does 86 divide 3440?
True
Is 1908 a 